{"id":2827,"date":"2022-09-27T11:33:22","date_gmt":"2022-09-27T11:33:22","guid":{"rendered":"https:\/\/alemany.com\/lotsdenadal\/?page_id=2827"},"modified":"2022-09-27T11:33:22","modified_gmt":"2022-09-27T11:33:22","slug":"politica-de-qualitat","status":"publish","type":"page","link":"https:\/\/alemany.com\/lotsdenadal\/politica-de-qualitat\/","title":{"rendered":"Pol\u00edtica de qualitat"},"content":{"rendered":"<div class=\"fusion-fullwidth fullwidth-box fusion-builder-row-1 fusion-flex-container nonhundred-percent-fullwidth non-hundred-percent-height-scrolling\" style=\"background-color: rgba(255,255,255,0);background-position: center center;background-repeat: no-repeat;border-width: 0px 0px 0px 0px;border-color:var(--awb-color3);border-style:solid;\" ><div class=\"fusion-builder-row fusion-row fusion-flex-align-items-flex-start\" style=\"max-width:1456px;margin-left: calc(-4% \/ 2 );margin-right: calc(-4% \/ 2 );\"><div class=\"fusion-layout-column fusion_builder_column fusion-builder-column-0 fusion_builder_column_1_1 1_1 fusion-flex-column\"><div class=\"fusion-column-wrapper fusion-flex-justify-content-flex-start fusion-content-layout-column\" style=\"background-position:left top;background-repeat:no-repeat;-webkit-background-size:cover;-moz-background-size:cover;-o-background-size:cover;background-size:cover;padding: 0px 0px 0px 0px;\"><div class=\"fusion-text fusion-text-1\"><p>Rev. 2<br \/>\nOs de Balaguer, Mayo 2020<br \/>\nGerencia<\/p>\n<p><strong>Torrons i Mel Alemany<\/strong>\u00a0Elabora Miel y Turrones Artesanales combinando tradici\u00f3n e innovaci\u00f3n. La Calidad, la Inocuidad, la Legalidad del producto y el compromiso con el concepto HALAL, as\u00ed como el respeto y la preservaci\u00f3n del Medio Ambiente y la sostenibilidad, son compromisos que asume la organizaci\u00f3n como base de una decisi\u00f3n estrat\u00e9gica y de compromiso con el cliente, de la que depende su imagen, su \u00e9xito y su posici\u00f3n en el mercado.<\/p>\n<p>Apostamos por el bienestar y los derechos de las personas con discapacidad f\u00edsica e intelectual integr\u00e1ndolas en nuestro proceso productivo a trav\u00e9s de la colaboraci\u00f3n con entidades sin \u00e1nimo de lucro.<\/p>\n<p>Con nuestra empresa todas las novedades del mercado estar\u00e1n a su disposici\u00f3n. Una sincronizaci\u00f3n perfecta entre todos nuestros departamentos consigue satisfacer todas las necesidades de nuestros clientes con rapidez y eficacia garantizando que los productos mantendr\u00e1n su calidad e innocuidad durante los procesos de elaboraci\u00f3n.<\/p>\n<p>Asumimos como propios los VALORES de la calidad y la inocuidad del producto como un objetivo en nuestro trabajo diario basado en los siguientes principios:<\/p>\n<ul>\n<li>Cumplir con los requisitos establecidos en el Sistema Integrado de Gesti\u00f3n de la Calidad y la inocuidad Alimentaria, los requisitos legales y reglamentarios aplicables y el Pliego de Condiciones del Instituto Halal, as\u00ed como someterse al r\u00e9gimen sancionador del RMGHJI.<\/li>\n<li>Orientaci\u00f3n al cliente considerando los requisitos legales y particularidades culturales de los clientes de exportaci\u00f3n y\/o normas Halal externas, cuando proceda.<\/li>\n<li>La empresa definir\u00e1 las responsabilidades del personal en materia Halal y designar\u00e1 un responsable Halal y supervisores de producci\u00f3n.<\/li>\n<li>Toda la producci\u00f3n Halal ser\u00e1 realizada exclusivamente con ingredientes con certificaci\u00f3n halal<\/li>\n<li>Velar por el desarrollo y cumplimiento de las pautas de higiene.<\/li>\n<li>Mantener una trazabilidad exhaustiva<\/li>\n<li>Adaptarnos continuamente a los cambios en nuestro entorno, y en especial a las exigencias de nuestros clientes, siendo \u00e1giles y r\u00e1pidos en la detecci\u00f3n de oportunidades de mejora o de innovaci\u00f3n, as\u00ed como en su implementaci\u00f3n.<\/li>\n<li>Fomentar el esp\u00edritu de mejora continua como base del trabajo diario, buscando las soluciones m\u00e1s eficaces y efectivas.<\/li>\n<li>Favorecer el potencial de desarrollo de todas aquellas personas implicadas en la ejecuci\u00f3n de los servicios, su capacidad de aprendizaje, de crecimiento y valores que son la base sobre la que se asienta el orgullo personal y profesional por el trabajo bien hecho. El personal recibe formaci\u00f3n respecto a la producci\u00f3n Halal.<\/li>\n<li>Implicaci\u00f3n de la alta direcci\u00f3n en el sistema definiendo las responsabilidades de todo el personal, tambi\u00e9n en materia Halal.<\/li>\n<li>Fomentar el comportamiento \u00e9tico y honesto en nuestra empresa<\/li>\n<li>Establecer objetivos mesurables alineados con la garant\u00eda de inocuidad de los productos ofrecidos.<\/li>\n<li>Fomentar la comunicaci\u00f3n activa con todas las partes implicadas en garantizar la seguridad alimentaria.<\/li>\n<\/ul>\n<p>Para llevar a cabo esta Pol\u00edtica de Calidad e Inocuidad alimentaria, Gerencia se apoya en su organizaci\u00f3n a la que transmite esta Pol\u00edtica y l\u00edneas generales de actuaci\u00f3n, buscando que asuman la Calidad de sus trabajos y se identifiquen con la imagen de la Empresa. Todo ello permite a\u00a0<strong>Torrons i Mel Alemany<\/strong>\u00a0crecer y contar con el reconocimiento de sus clientes, cumpliendo con una responsabilidad \u00e9tica y laboral.<\/p>\n<p>Esta Pol\u00edtica de Calidad y Inocuidad Alimentaria es difundida, asumida y llevada a la pr\u00e1ctica por todos los niveles de la organizaci\u00f3n, comprometi\u00e9ndose en la Mejora Continua del servicio prestado.<\/p>\n<\/div><\/div><style type=\"text\/css\">.fusion-body .fusion-builder-column-0{width:100% !important;margin-top : 0px;margin-bottom : 0px;}.fusion-builder-column-0 > .fusion-column-wrapper {padding-top : 0px !important;padding-right : 0px !important;margin-right : 1.92%;padding-bottom : 0px !important;padding-left : 0px !important;margin-left : 1.92%;}@media only screen and (max-width:1075px) {.fusion-body .fusion-builder-column-0{width:100% !important;}.fusion-builder-column-0 > .fusion-column-wrapper {margin-right : 1.92%;margin-left : 1.92%;}}@media only screen and (max-width:640px) {.fusion-body .fusion-builder-column-0{width:100% !important;}.fusion-builder-column-0 > .fusion-column-wrapper {margin-right : 1.92%;margin-left : 1.92%;}}<\/style><\/div><\/div><style type=\"text\/css\">.fusion-body .fusion-flex-container.fusion-builder-row-1{ padding-top : 4%;margin-top : 0px;padding-right : 10%;padding-bottom : 4%;margin-bottom : 0px;padding-left : 10%;}<\/style><\/div>\n","protected":false},"excerpt":{"rendered":"","protected":false},"author":1,"featured_media":0,"parent":0,"menu_order":0,"comment_status":"closed","ping_status":"closed","template":"100-width.php","meta":{"footnotes":""},"class_list":["post-2827","page","type-page","status-publish","hentry"],"_links":{"self":[{"href":"https:\/\/alemany.com\/lotsdenadal\/wp-json\/wp\/v2\/pages\/2827","targetHints":{"allow":["GET"]}}],"collection":[{"href":"https:\/\/alemany.com\/lotsdenadal\/wp-json\/wp\/v2\/pages"}],"about":[{"href":"https:\/\/alemany.com\/lotsdenadal\/wp-json\/wp\/v2\/types\/page"}],"author":[{"embeddable":true,"href":"https:\/\/alemany.com\/lotsdenadal\/wp-json\/wp\/v2\/users\/1"}],"replies":[{"embeddable":true,"href":"https:\/\/alemany.com\/lotsdenadal\/wp-json\/wp\/v2\/comments?post=2827"}],"version-history":[{"count":1,"href":"https:\/\/alemany.com\/lotsdenadal\/wp-json\/wp\/v2\/pages\/2827\/revisions"}],"predecessor-version":[{"id":2828,"href":"https:\/\/alemany.com\/lotsdenadal\/wp-json\/wp\/v2\/pages\/2827\/revisions\/2828"}],"wp:attachment":[{"href":"https:\/\/alemany.com\/lotsdenadal\/wp-json\/wp\/v2\/media?parent=2827"}],"curies":[{"name":"wp","href":"https:\/\/api.w.org\/{rel}","templated":true}]}}